e the prime factors of 313872?
2, 3, 13, 503
What are the prime factors of 336795?
3, 5, 22453
What are the prime factors of 110296?
2, 17, 811
List the prime factors of 30989365.
5, 11, 53, 10631
What are the prime factors of 3843587?
11, 79, 4423
List the prime factors of 8701074.
2, 3, 269, 599
What are the prime factors of 4323863?
61, 73, 971
List the prime factors of 296827.
296827
What are the prime factors of 1358741?
1358741
What are the prime factors of 143613?
3, 197
What are the prime factors of 2001717?
3, 197, 1129
List the prime factors of 2455212.
2, 3, 204601
What are the prime factors of 7067782?
2, 83, 42577
List the prime factors of 163999.
11, 17, 877
What are the prime factors of 551523?
3, 7, 26263
What are the prime factors of 658016?
2, 20563
What are the prime factors of 9534184?
2, 11, 108343
What are the prime factors of 6508379?
23, 282973
What are the prime factors of 125612?
2, 31, 1013
List the prime factors of 952826.
2, 7, 68059
What are the prime factors of 177926?
2, 7, 71, 179
List the prime factors of 271322.
2, 135661
List the prime factors of 2213367.
3, 13, 19, 29, 103
List the prime factors of 5767285.
5, 1153457
What are the prime factors of 944572?
2, 236143
What are the prime factors of 1011662?
2, 359, 1409
What are the prime factors of 267786?
2, 3, 19, 29
List the prime factors of 10959527.
199, 55073
What are the prime factors of 805693?
7, 115099
What are the prime factors of 880620?
2, 3, 5, 13, 1129
What are the prime factors of 8062039?
83, 137, 709
List the prime factors of 1546246.
2, 13, 59471
What are the prime factors of 1972249?
1972249
List the prime factors of 6230446.
2, 577, 5399
What are the prime factors of 19716?
2, 3, 31, 53
What are the prime factors of 4693484?
2, 67, 83, 211
List the prime factors of 9963459.
3, 11, 33547
List the prime factors of 2735868.
2, 3, 227989
What are the prime factors of 248358?
2, 3, 11, 53, 71
What are the prime factors of 478861?
478861
List the prime factors of 526856.
2, 11, 5987
What are the prime factors of 3357332?
2, 11, 76303
List the prime factors of 339280.
2, 5, 4241
What are the prime factors of 846158?
2, 17, 41, 607
What are the prime factors of 297816?
2, 3, 12409
What are the prime factors of 5302355?
5, 73, 199
What are the prime factors of 3800891?
73, 52067
What are the prime factors of 122132?
2, 19, 1607
What are the prime factors of 960082?
2, 277, 1733
List the prime factors of 6375704.
2, 773, 1031
What are the prime factors of 3800582?
2, 1900291
What are the prime factors of 17249188?
2, 11, 19, 47, 439
List the prime factors of 157766.
2, 7, 59, 191
What are the prime factors of 199872?
2, 3, 347
List the prime factors of 39374618.
2, 17, 1158077
List the prime factors of 138385.
5, 13, 2129
List the prime factors of 4529511.
3, 7, 10271
List the prime factors of 3656191.
7, 11, 103, 461
List the prime factors of 2104816.
2, 7, 18793
What are the prime factors of 17287410?
2, 3, 5, 7, 191, 431
What are the prime factors of 14747247?
3, 1638583
What are the prime factors of 12840096?
2, 3, 131, 1021
What are the prime factors of 31824946?
2, 227, 70099
What are the prime factors of 197666?
2, 7, 2017
What are the prime factors of 2646976?
2, 59, 701
List the prime factors of 32182350.
2, 3, 5, 103, 2083
What are the prime factors of 4031691?
3, 239, 5623
What are the prime factors of 1940506?
2, 29, 33457
What are the prime factors of 1523852?
2, 11, 59, 587
What are the prime factors of 2905442?
2, 19, 157, 487
List the prime factors of 29794195.
5, 5958839
What are the prime factors of 6713480?
2, 5, 47, 3571
What are the prime factors of 1884041?
89, 21169
What are the prime factors of 400850?
2, 5, 8017
List the prime factors of 2328514.
2, 449, 2593
List the prime factors of 1213074.
2, 3, 19, 3547
What are the prime factors of 852970?
2, 5, 85297
List the prime factors of 80807.
19, 4253
What are the prime factors of 161311?
97, 1663
What are the prime factors of 3539746?
2, 7, 23, 10993
List the prime factors of 355007.
355007
List the prime factors of 799414.
2, 7, 11, 29, 179
What are the prime factors of 396781?
7, 11, 5153
What are the prime factors of 2512274?
2, 101, 12437
List the prime factors of 9566450.
2, 5, 293, 653
List the prime factors of 162336.
2, 3, 19, 89
List the prime factors of 7141129.
31, 223, 1033
List the prime factors of 9202323.
3, 13, 23, 10259
List the prime factors of 1130839.
151, 7489
List the prime factors of 2343253.
11, 213023
What are the prime factors of 1377397?
7, 196771
What are the prime factors of 83276?
2, 109, 191
List the prime factors of 8358.
2, 3, 7, 199
What are the prime factors of 2170180?
2, 5, 19, 5711
List the prime factors of 119589.
3, 39863
List the prime factors of 4140989.
23, 180043
List the prime factors of 4134221.
7, 13, 181, 251
What are the prime factors of 56655?
3, 5, 1259
List the prime factors of 13679219.
1549, 8831
List the prime factors of 14201730.
2, 3, 5, 89, 197
What are the prime factors of 6307065?
3, 5, 29, 179
What are the prime factors of 643878?
2, 3, 35771
List the prime factors of 270157.
270157
List the prime factors of 302101.
317, 953
What are the prime factors of 326656?
2, 11, 29
List the prime factors of 42186.
2, 3, 79, 89
What are the prime factors of 31215862?
2, 15607931
List the prime factors of 21171007.
11, 13, 43, 313
What are the prime factors of 1868357?
373, 5009
List the prime factors of 182312.
2, 13, 1753
What are the prime factors of 3319555?
5, 179, 3709
List the prime factors of 37783440.
2, 3, 5, 97, 541
What are the prime factors of 4104274?
2, 2052137
What are the prime factors of 98626?
2, 11, 4483
List the prime factors of 275818.
2, 137909
List the prime factors of 76531.
7, 13, 29
List the prime factors of 1049081.
11, 283, 337
What are the prime factors of 325355?
5, 65071
What are the prime factors of 1876975?
5, 75079
List the prime factors of 3489498.
2, 3, 193861
List the prime factors of 5363167.
5363167
What are the prime factors of 18090441?
3, 47, 42767
What are the prime factors of 10408288?
2, 11, 29569
List the prime factors of 21786248.
2, 11, 17, 14563
List the prime factors of 10586362.
2, 5293181
List the prime factors of 3260277.
3, 17, 7103
List the prime factors of 579158.
2, 19, 15241
List the prime factors of 896793.
3, 23, 41, 317
What are the prime factors of 161541?
3, 31, 193
What are the prime factors of 1316219?
79, 16661
What are the prime factors of 371018?
2, 47, 3947
List the prime factors of 339924.
2, 3, 13, 2179
List the prime factors of 559415.
5, 53, 2111
List the prime factors of 533109.
3, 83, 2141
What are the prime factors of 33650588?
2, 1753, 4799
List the prime factors of 32677140.
2, 3, 5, 733, 743
What are the prime factors of 104405?
5, 7, 19, 157
List the prime factors of 845457.
3, 23, 12253
What are the prime factors of 3658599?
3, 7, 58073
What are the prime factors of 15266542?
2, 457, 16703
What are the prime factors of 415109?
415109
What are the prime factors of 158115?
3, 5, 83, 127
List the prime factors of 439169.
643, 683
List the prime factors of 293414.
2, 11, 13337
List the prime factors of 7576369.
31, 244399
What are the prime factors of 148140?
2, 3, 5, 823
List the prime factors of 1662570.
2, 3, 5, 7, 13, 29
What are the prime factors of 47806?
2, 11, 41, 53
What are the prime factors of 338410?
2, 5, 43, 787
What are the prime factors of 452978?
2, 293, 773
What are the prime factors of 28771168?
2, 19, 79, 599
List the prime factors of 5943032.
2, 41, 18119
What are the prime factors of 12388?
2, 19, 163
List the prime factors of 2176357.
17, 128021
List the prime factors of 443288.
2, 55411
What are the prime factors of 550512?
2, 3, 3823
List the prime factors of 252443.
252443
List the prime factors of 370108.
2, 67, 1381
What are the prime factors of 29609682?
2, 3, 17, 107, 2713
What are the prime factors of 183728?
2, 11483
What are the prime factors of 740720?
2, 5, 47, 197
List the prime factors of 1879699.
347, 5417
List the prime factors of 12873567.
3, 7, 223, 2749
List the prime factors of 300241.
113, 2657
List the prime factors of 19586.
2, 7, 1399
What are the prime factors of 449398?
2, 224699
List the prime fact